3 is divided by 4157.
4149
What is the remainder when 84868 is divided by 705?
268
What is the remainder when 1820775 is divided by 67436?
3
What is the remainder when 822871 is divided by 704?
599
What is the remainder when 62443 is divided by 1836?
19
Calculate the remainder when 4820666 is divided by 45.
41
Calculate the remainder when 62166586 is divided by 26.
14
Calculate the remainder when 3183231 is divided by 189.
93
What is the remainder when 79527 is divided by 295?
172
Calculate the remainder when 34912 is divided by 5140.
4072
What is the remainder when 440454 is divided by 36700?
54
What is the remainder when 442192 is divided by 934?
410
What is the remainder when 9308213 is divided by 368?
21
Calculate the remainder when 487348 is divided by 3962.
22
Calculate the remainder when 3625176 is divided by 1897.
9
Calculate the remainder when 166516246 is divided by 50.
46
Calculate the remainder when 30604 is divided by 281.
256
What is the remainder when 181350 is divided by 346?
46
Calculate the remainder when 121458787 is divided by 1092.
1087
What is the remainder when 32305 is divided by 4351?
1848
Calculate the remainder when 506643 is divided by 93.
72
What is the remainder when 1752806 is divided by 91?
55
Calculate the remainder when 38535957 is divided by 53.
28
What is the remainder when 6941542 is divided by 60?
22
Calculate the remainder when 5743995 is divided by 400.
395
Calculate the remainder when 51878 is divided by 3927.
827
Calculate the remainder when 33726183 is divided by 2668.
2663
What is the remainder when 54397581 is divided by 9599?
48
Calculate the remainder when 4785202 is divided by 594.
532
What is the remainder when 292810 is divided by 8075?
2110
Calculate the remainder when 106135 is divided by 13228.
311
Calculate the remainder when 6230593 is divided by 188803.
94
What is the remainder when 1699310 is divided by 1933?
203
What is the remainder when 7352 is divided by 3622?
108
What is the remainder when 2978076 is divided by 219?
114
What is the remainder when 1010667 is divided by 505322?
23
What is the remainder when 1047531 is divided by 43647?
3
What is the remainder when 8217508 is divided by 109?
107
What is the remainder when 27963725 is divided by 155354?
5
What is the remainder when 29965294 is divided by 17281?
40
Calculate the remainder when 2519573 is divided by 210.
203
What is the remainder when 51884448 is divided by 54?
6
Calculate the remainder when 13758903 is divided by 43958.
49
Calculate the remainder when 8705487 is divided by 226.
193
What is the remainder when 5203751 is divided by 66712?
215
What is the remainder when 2029684 is divided by 2029678?
6
What is the remainder when 3104880 is divided by 33?
9
What is the remainder when 3104316 is divided by 47035?
6
Calculate the remainder when 14233 is divided by 4192.
1657
What is the remainder when 778899 is divided by 16?
3
What is the remainder when 5065655 is divided by 49?
35
Calculate the remainder when 15093 is divided by 13040.
2053
What is the remainder when 124905 is divided by 41605?
90
Calculate the remainder when 692153 is divided by 863.
27
Calculate the remainder when 365578 is divided by 121800.
178
Calculate the remainder when 1652697 is divided by 312.
33
What is the remainder when 166022 is divided by 55271?
209
Calculate the remainder when 61868 is divided by 538.
536
What is the remainder when 861071 is divided by 12127?
54
Calculate the remainder when 43721116 is divided by 80.
76
What is the remainder when 44380941 is divided by 3123?
3111
Calculate the remainder when 1041137 is divided by 7180.
37
What is the remainder when 8614946 is divided by 572?
54
What is the remainder when 18670241 is divided by 138?
83
Calculate the remainder when 612834 is divided by 113.
35
What is the remainder when 1665387 is divided by 135?
27
Calculate the remainder when 769405 is divided by 192185.
665
What is the remainder when 4034424 is divided by 522?
408
What is the remainder when 13665582 is divided by 122?
118
What is the remainder when 868390 is divided by 375?
265
What is the remainder when 25043770 is divided by 384?
58
What is the remainder when 4980 is divided by 2487?
6
What is the remainder when 6106913 is divided by 1341?
1340
Calculate the remainder when 1304679 is divided by 601.
509
What is the remainder when 784873 is divided by 16?
9
Calculate the remainder when 31455 is divided by 31369.
86
Calculate the remainder when 9234845 is divided by 17966.
321
Calculate the remainder when 20496 is divided by 2404.
1264
Calculate the remainder when 66749 is divided by 6.
5
What is the remainder when 8371 is divided by 44?
11
What is the remainder when 319870 is divided by 79951?
66
What is the remainder when 14860201 is divided by 184?
177
Calculate the remainder when 82849 is divided by 7458.
811
What is the remainder when 22173 is divided by 22006?
167
What is the remainder when 315773 is divided by 593?
297
Calculate the remainder when 620310 is divided by 36488.
14
Calculate the remainder when 5798345 is divided by 2899158.
29
What is the remainder when 32862 is divided by 695?
197
What is the remainder when 3825537 is divided by 2219?
2200
What is the remainder when 532482 is divided by 7294?
20
Calculate the remainder when 4815641 is divided by 17902.
3
What is the remainder when 701329 is divided by 1891?
1659
What is the remainder when 831062 is divided by 193?
4
Calculate the remainder when 1196208 is divided by 398698.
114
Calculate the remainder when 340392015 is divided by 196.
187
What is the remainder when 143885 is divided by 1942?
177
Calculate the remainder when 33346024 is divided by 1095.
1084
What is the remainder when 102534262 is divided by 809?
793
What is the remainder when 2499274 is divided by 769?
24
What is the remainder when 837323 is divided by 209319?
47
What is the remainder when 84497636 is divided by 10?
6
Calculate the remainder when 297201 is divided by 2451.
630
What is the remainder when 12976049 is divided by 145?
144
What is the remainder when 1786 is divided by 386?
242
What is the remainder when 370833806 is divided by 1424?
1422
Calculate the remainder when 232156 is divided by 184.
132
Calculate the remainder when 4659 is divided by 85.
69
What is the remainder when 1286133 is divided by 755?
368
What is the remainder when 201081 is divided by 2679?
156
Calculate the remainder when 158253 is divided by 193.
186
What is the remainder when 19557 is divided by 6188?
993
What is the remainder when 16806 is divided by 2721?
480
What is the remainder when 1874867 is divided by 138?
137
What is the remainder when 16608283 is divided by 64?
27
What is the remainder when 14039066 is divided by 38?
4
Calculate the remainder when 131238 is divided by 21730.
858
Calculate the remainder when 18086231 is divided by 130.
111
What is the remainder when 1273051 is divided by 104?
91
What is the remainder when 5999852 is divided by 50846?
24
What is the remainder when 149693 is divided by 104?
37
Calculate the remainder when 14150259 is divided by 1574.
1573
What is the remainder when 2850594 is divided by 634?
130
What is the remainder when 4542233 is divided by 56?
17
Calculate the remainder when 130953 is divided by 901.
308
Calculate the remainder when 591028 is divided by 2024.
20
What is the remainder when 499337 is divided by 699?
251
Calculate the remainder when 161747 is divided by 1996.
71
What is the remainder when 44580453 is divided by 2026384?
5
What is the remainder when 4389569 is divided by 11?
8
What is the remainder when 542995 is divided by 135742?
27
Calculate the remainder when 1657918 is divided by 244.
182
Calculate the remainder when 607863245 is divided by 202.
199
What is the remainder when 31147584 is divided by 135?
114
What is the remainder when 7173910 is divided by 339?
331
What is the remainder when 11586 is divided by 1258?
264
What is the remainder when 4498699 is divided by 12359?
23
Calculate the remainder when 875445 is divided by 189.
186
Calculate the remainder when 7569258 is divided by 34.
8
What is the remainder when 1918689 is divided by 479665?
29
Calculate the remainder when 288294454 is divided by 8.
6
Calculate the remainder when 3